-34330003 + 33?
-34325530
In base 6, what is 1444242 + -141?
1444101
In base 14, what is d9 - 118dc3?
-118cc8
In base 2, what is -10011100011010011101110 + 1010111?
-10011100011010010010111
In base 2, what is 1000100001111011000100011 - 1000?
1000100001111011000011011
In base 13, what is 18 - 887534?
-887519
In base 9, what is 55687 + 250?
56047
In base 7, what is 6 + 10325241155?
10325241164
In base 5, what is -34340110 - -334?
-34334221
In base 14, what is -827b9c - 6?
-827ba4
In base 2, what is -10111 + -1010000011001111101?
-1010000011010010100
In base 4, what is 2031121202 + -132?
2031121010
In base 14, what is 7d0b4 + -1a?
7d098
In base 16, what is -345cf + -1e?
-345ed
In base 12, what is 5a32 + 9?
5a3b
In base 2, what is -10101110 + -111101011101010101?
-111101100000000011
In base 2, what is -1110101001101001110000111 + -101?
-1110101001101001110001100
In base 8, what is 251765 - -20675?
272662
In base 12, what is -19b0131b + -2?
-19b01321
In base 2, what is 111001111011101 - 100011011100?
110101100000001
In base 7, what is -546 + -23320?
-24166
In base 16, what is -19bc518 + 3?
-19bc515
In base 9, what is 88 + -733557?
-733458
In base 16, what is 313f0b - 5?
313f06
In base 14, what is 8b + -1729?
-167c
In base 10, what is -260 + 696?
436
In base 11, what is -5 + 546500a6?
546500a1
In base 5, what is -11 + -12014430330?
-12014430341
In base 11, what is -2836 + -310a?
-5945
In base 7, what is -6566204601 + 2?
-6566204566
In base 6, what is -120324153324 + -4?
-120324153332
In base 2, what is 10 + -100010110001100101001101?
-100010110001100101001011
In base 12, what is -59 + b2081?
b2024
In base 10, what is 223492 - -34?
223526
In base 12, what is -321b46 + a49?
-3210b9
In base 12, what is 447 + -139?
30a
In base 14, what is b213 - -17?
b22a
In base 5, what is -201 + 403022343?
403022142
In base 5, what is 23 - -313412242?
313412320
In base 15, what is 0 - 1c250e?
-1c250e
In base 7, what is -161 + 16321660?
16321466
In base 13, what is -1c87 + 12619?
10662
In base 8, what is -106212 - 426?
-106640
In base 9, what is 233 - 74700?
-74456
In base 7, what is -3645 + 2221443?
2214465
In base 10, what is -196 - 32099?
-32295
In base 4, what is -213101013212321 - 3?
-213101013212330
In base 15, what is -1799a0 + -4?
-1799a4
In base 12, what is 1aa019b - -5?
1aa01a4
In base 16, what is 1b + 167015?
167030
In base 13, what is 4c56a6b + 2?
4c56a70
In base 6, what is 120241420 + -2?
120241414
In base 2, what is -10 + 1001101010100000001110?
1001101010100000001100
In base 16, what is -3 - 41d3c4b?
-41d3c4e
In base 8, what is 70233310 - 2?
70233306
In base 3, what is 112222210121100 - -102?
112222210121202
In base 11, what is -711 - 10971?
-11582
In base 3, what is -210012221210020 + 1?
-210012221210012
In base 10, what is 16706 - -1588?
18294
In base 11, what is -1958 + -2531?
-4389
In base 11, what is -213a + -5669?
-77a8
In base 5, what is -31131441 + 11444?
-31114442
In base 5, what is 20410 - -214323103?
214344013
In base 4, what is 20 + -23133013111?
-23133013031
In base 4, what is 11 + -23113323000?
-23113322323
In base 11, what is 41 + 6579295?
6579326
In base 3, what is -1220021 + 111011221?
102021200
In base 5, what is -13 + 2041103401?
2041103333
In base 13, what is -1a19 - -69b?
-134b
In base 16, what is 2434b - -c9f?
24fea
In base 7, what is 20540 + -2500?
15040
In base 5, what is 10202 + 44122?
104324
In base 8, what is 1166 + -310557?
-307371
In base 4, what is -21303230 + -12112?
-21322002
In base 2, what is -10110011010011100 - -1111011?
-10110011000100001
In base 3, what is 12022 + -222200001011?
-222122211212
In base 3, what is -1110122212212211 + 2?
-1110122212212202
In base 2, what is 0 + 1111010101110100001100?
1111010101110100001100
In base 12, what is 191 + -3305?
-3134
In base 9, what is 23 - -3533765?
3533788
In base 7, what is -5 - 566425366?
-566425404
In base 13, what is 48 - -a48571?
a485b9
In base 5, what is -132 - 3223444?
-3224131
In base 6, what is -54243103 + -5?
-54243112
In base 3, what is -1011102122211 + -2021?
-1011102202002
In base 11, what is 914 - 52131?
-51318
In base 16, what is -175 - -2a86?
2911
In base 13, what is 58087 - 17?
58070
In base 4, what is -210010010230 - 2?
-210010010232
In base 11, what is -2 + 18a8788?
18a8786
In base 10, what is 2671 - 14774?
-12103
In base 5, what is 0 - -11122404134?
11122404134
In base 5, what is 33314210 - 14321?
33244334
In base 10, what is -1501920803 - -5?
-1501920798
In base 2, what is -1000111000001000 - 1101011?
-1000111001110011
In base 8, what is 273212 - -64?
273276
In base 4, what is 2 + -12221102023231?
-12221102023223
In base 7, what is 55220 + -23?
55164
In base 6, what is 135 + -24530311?
-24530132
In base 2, what is 11010100010000 - 101100011101?
10100111110011
In base 2, what is 1 - 101110101000111000001?
-101110101000111000000
In base 12, what is b8b225 + 2?
b8b227
In base 10, what is -121877 + 11?
-121866
In base 10, what is 208137 + 212?
208349
In base 4, what is 10 + 1211313011?
1211313021
In base 6, what is 55545333 - 314?
55545015
In base 9, what is -2060673 - 3?
-2060676
In base 16, what is -3e - 5f0b6e?
-5f0bac
In base 5, what is 0 + -1401013223?
-1401013223
In base 2, what is 111010101000100100001 - -101010?
111010101000101001011
In base 2, what is 100011011001010110 + 1010?
100011011001100000
In base 11, what is 6662 + -344?
6319
In base 14, what is -9b - -41d619?
41d55c
In base 4, what is 11012332 - 303022?
10103310
In base 8, what is -1131507 - 176?
-1131705
In base 4, what is 3223100120 + -20?
3223100100
In base 16, what is 5 - -e5f45?
e5f4a
In base 6, what is 22031254 - -3?
22031301
In base 16, what is -6db96f + 22?
-6db94d
In base 2, what is -100000000101100100000111101 - 10?
-100000000101100100000111111
In base 10, what is -4848630 + 61?
-4848569
In base 6, what is 4 - -444304511?
444304515
In base 10, what is 8598 + -213?
8385
In base 4, what is -3103 + -1000123133?
-1000132302
In base 7, what is 10651226142 - -5?
10651226150
In base 10, what is -2 - 4902924?
-4902926
In base 12, what is -b - 368179?
-368188
In base 4, what is -1111032 + 110322?
-1000110
In base 2, what is 1000010 - 1000010110001011001?
-1000010110000010111
In base 10, what is 3 + 82336514?
82336517
In base 5, what is 2123043 + 30?
2123123
In base 7, what is 2053 - 1612052?
-1606666
In base 12, what is -290276 + -90?
-290346
In base 11, what is 2424437 + 14?
2424450
In base 9, what is 474285 - 652?
473533
In base 6, what is 10 + -2104114352?
-2104114342
In base 15, what is -9748 - 1b7b?
-b3c4
In base 5, what is -12331412030 - 100?
-12331412130
In base 16, what is 1c + 1a4332?
1a434e
In base 14, what is a16 + 5cd7?
690d
In base 8, what is 63 - 3031736?
-3031653
In base 16, what is -40637f - -11b?
-406264
In base 16, what is -357 + -f28?
-127f
In base 14, what is 117ca794 + -5?
117ca78d
In base 15, what is -4d + 133be?
13371
In base 5, what is -242 + 132431?
132134
In base 9, what is 68836125 + 2?
68836127
In base 11, what is 3aa97952 + -3?
3aa9794a
In base 13, what is 21 - 1755c7?
-1755a6
In base 8, what is 145414 + -73?
145321
In base 15, what is -1d4b7 + 8?
-1d4ae
In base 5, what is 330200330 + -32?
330200243
In base 10, what is 15 - -596826?
596841
In base 13, what is 2 - -68a6c58?
68a6c5a
In base 8, what is -4512 - -3040?
-1452
In base 12, what is 4 - 327a070?
-327a068
In base 14, what is -3b6a3 - -339?
-3b368
In base 2, what is 10011111 + 10001100111110010011?
10001101000000110010
In base 11, what is 4 - 47464197?
-47464193
In base 10, what is -2540230 + 4?
-2540226
In base 7, what is -13 - -15112431?
15112415
In base 8, what is -2237 + -2674?
-5133
In base 15, what is -25 - -5ac705?
5ac6d0
In base 2, what is 110111101110100000 - 110?
110111101110011010
In base 5, what is -2212241 + 213120?
-1444121
In base 3, what is -1222212 + -21001211000?
-21010210212
In base 5, what is 33 + 21220123?
21220211
In base 4, what is -10003 + -2330211113?
-2330221122
In base 14, what is 21975 + -76?
218dd
In base 12, what is -9849720 + 2?
-984971a
In base 14, what is 19 + a1826?
a1841
In base 13, what is -a0a + 13b3?
6a6
In base 2, what is 100111110100101100100011 + -1000111?
100111110100101011011100
In base 8, what is -2375 - 135?
-2532
In base 12, what is -1 - -12621a8?
12621a